{"id":1086,"date":"2023-08-01T16:38:30","date_gmt":"2023-08-01T16:38:30","guid":{"rendered":"https:\/\/esplanadaama.pt\/novo\/?page_id=1086"},"modified":"2023-08-01T16:38:30","modified_gmt":"2023-08-01T16:38:30","slug":"politica-de-cookies","status":"publish","type":"page","link":"https:\/\/esplanadaama.pt\/novo\/politica-de-cookies\/","title":{"rendered":"Pol\u00edtica de Cookies"},"content":{"rendered":"<p>Pol\u00edtica de cookies<\/p>\n<p>Esta Pol\u00edtica de Cookies \u00e9 parte integrante da Pol\u00edtica de Prote\u00e7\u00e3o de Dados do\u00a0site\u00a0esplanadaama.pt (doravante denominado &#8220;site&#8221;).<\/p>\n<p>O que \u00e9 um Cookie?<br \/>\ncookies\u00a0s\u00e3o arquivos ou ficheiros de texto que cont\u00eam pequenas quantidades de informa\u00e7\u00f5es que s\u00e3o descarregadas e guardadas no dispositivo do utilizador, atrav\u00e9s do seu\u00a0browser, quando visita uma p\u00e1gina da Web.<br \/>\ncookies\u00a0podem ser categorizados face ao prop\u00f3sito que servem. Existem\u00a0cookies\u00a0que s\u00e3o estritamente necess\u00e1rios ao funcionamento do\u00a0site, enquanto outros recolhem informa\u00e7\u00e3o estat\u00edstica com o intuito de analisar a utiliza\u00e7\u00e3o do\u00a0site\u00a0e respetivo desempenho ou s\u00e3o utilizados para assegurar a disponibiliza\u00e7\u00e3o de funcionalidades adicionais ao\u00a0site\u00a0ou para guardar as prefer\u00eancias do visitante relativamente \u00e0 navega\u00e7\u00e3o no mesmo, sempre que utilizar o mesmo dispositivo. Outros\u00a0cookies\u00a0podem ainda servir para medir o sucesso de aplica\u00e7\u00f5es e a efic\u00e1cia da publicidade de terceiros.<br \/>\ncookies\u00a0s\u00e3o essenciais para o funcionamento da Internet; n\u00e3o danificam o equipamento ou dispositivo do utilizador e, se estiverem ativados na configura\u00e7\u00e3o do seu navegador, ajudam a identificar e resolver poss\u00edveis erros na opera\u00e7\u00e3o do\u00a0site.<\/p>\n<p>Porqu\u00ea utilizar cookies?<br \/>\nO objetivo principal \u00e9 simplificar a navega\u00e7\u00e3o e permitir ao utilizador um melhor uso do\u00a0site.<br \/>\nPara esse efeito, o utilizador \u00e9 reconhecido sempre que acede ao\u00a0site, eliminando a necessidade de introduzir repetidamente as mesmas informa\u00e7\u00f5es e, deste modo, permitindo uma navega\u00e7\u00e3o mais r\u00e1pida, eficiente e com melhor qualidade.<br \/>\nAs informa\u00e7\u00f5es recolhidas pelos\u00a0cookies\u00a0permitem, ainda, a esplanadaama.pt\u00a0melhorar o\u00a0site.<br \/>\nCookies\u00a0utilizados e respetivas funcionalidades.<\/p>\n<p>Fornecemos recomenda\u00e7\u00f5es personalizadas para a sua organiza\u00e7\u00e3o que o colocam no caminho do sucesso.<br \/>\nE melhor ainda, estamos ao seu lado e apoiamos voc\u00ea ao longo do caminho.\u00a0Nossos registros de satisfa\u00e7\u00e3o do cliente falam por si.<\/p>\n","protected":false},"excerpt":{"rendered":"<p>Pol\u00edtica de cookies Esta Pol\u00edtica de Cookies \u00e9 parte integrante da Pol\u00edtica de Prote\u00e7\u00e3o de Dados do\u00a0site\u00a0esplanadaama.pt (doravante denominado &#8220;site&#8221;). O que \u00e9 um Cookie? cookies\u00a0s\u00e3o arquivos ou ficheiros de [&hellip;]<\/p>\n","protected":false},"author":1,"featured_media":0,"parent":0,"menu_order":0,"comment_status":"closed","ping_status":"closed","template":"","meta":{"footnotes":""},"class_list":["post-1086","page","type-page","status-publish","hentry"],"_links":{"self":[{"href":"https:\/\/esplanadaama.pt\/novo\/wp-json\/wp\/v2\/pages\/1086","targetHints":{"allow":["GET"]}}],"collection":[{"href":"https:\/\/esplanadaama.pt\/novo\/wp-json\/wp\/v2\/pages"}],"about":[{"href":"https:\/\/esplanadaama.pt\/novo\/wp-json\/wp\/v2\/types\/page"}],"author":[{"embeddable":true,"href":"https:\/\/esplanadaama.pt\/novo\/wp-json\/wp\/v2\/users\/1"}],"replies":[{"embeddable":true,"href":"https:\/\/esplanadaama.pt\/novo\/wp-json\/wp\/v2\/comments?post=1086"}],"version-history":[{"count":1,"href":"https:\/\/esplanadaama.pt\/novo\/wp-json\/wp\/v2\/pages\/1086\/revisions"}],"predecessor-version":[{"id":1087,"href":"https:\/\/esplanadaama.pt\/novo\/wp-json\/wp\/v2\/pages\/1086\/revisions\/1087"}],"wp:attachment":[{"href":"https:\/\/esplanadaama.pt\/novo\/wp-json\/wp\/v2\/media?parent=1086"}],"curies":[{"name":"wp","href":"https:\/\/api.w.org\/{rel}","templated":true}]}}